{"id":582,"date":"2021-12-13T05:24:19","date_gmt":"2021-12-13T05:24:19","guid":{"rendered":"https:\/\/blockart-agency.sites.qsandbox.com\/?page_id=582"},"modified":"2026-03-01T09:58:24","modified_gmt":"2026-03-01T08:58:24","slug":"kontakt","status":"publish","type":"page","link":"https:\/\/www.zsanettberec.sk\/rozhovory-madarsky-prakticky\/kontakt","title":{"rendered":"Kontakt"},"content":{"rendered":"\n<div class=\"blockart-section blockart-section-73441fc0\"><div class=\"blockart-container\"><div class=\"blockart-section-inner\">\n<div class=\"blockart-column blockart-column-19d4e79a\"><div class=\"blockart-column-inner\">\n<h2 class=\"blockart-heading blockart-heading-ed8ed03b\">Address<\/h2>\n\n\n\n<p class=\"blockart-paragraph blockart-paragraph-d195d6a0\">Moon Street , 446 Jupiter, <\/p>\n\n\n\n<p class=\"blockart-paragraph blockart-paragraph-2c4d95c6\">JP 44600<\/p>\n<\/div><\/div>\n\n\n\n<div class=\"blockart-column blockart-column-67d4f14c\"><div class=\"blockart-column-inner\">\n<h2 class=\"blockart-heading blockart-heading-4a35044c\">Email<\/h2>\n\n\n\n<p class=\"blockart-paragraph blockart-paragraph-d266bdad\">zakra@demos.com<\/p>\n\n\n\n<p class=\"blockart-paragraph blockart-paragraph-30309db5\">first.last@demos.com<\/p>\n<\/div><\/div>\n\n\n\n<div class=\"blockart-column blockart-column-7f33a661\"><div class=\"blockart-column-inner\">\n<h2 class=\"blockart-heading blockart-heading-79dd122c\">Phone<\/h2>\n\n\n\n<p class=\"blockart-paragraph blockart-paragraph-9badcfde\">Call : +(123) 456-7890<\/p>\n\n\n\n<p class=\"blockart-paragraph blockart-paragraph-e9af344f\"> Call : +977 123-456789<\/p>\n<\/div><\/div>\n\n\n\n<div class=\"blockart-column blockart-column-31c109f0\"><div class=\"blockart-column-inner\">\n<h2 class=\"blockart-heading blockart-heading-851087b5\">Time<\/h2>\n\n\n\n<p class=\"blockart-paragraph blockart-paragraph-42904d24\">Mon &#8211; Sat : 9AM &#8211; 6 PM <\/p>\n\n\n\n<p class=\"blockart-paragraph blockart-paragraph-33984ffa\">Sunday : Closed<\/p>\n<\/div><\/div>\n<\/div><\/div><\/div>\n\n\n\n<div class=\"blockart-section blockart-section-6d9887c3\"><div class=\"blockart-container-fluid\"><div class=\"blockart-section-inner\">\n<div class=\"blockart-column blockart-column-946d1c71\"><div class=\"blockart-column-inner\">\n<figure class=\"blockart-image blockart-image-cb9e1b82\"><img fetchpriority=\"high\" decoding=\"async\" class=\"wp-image-1073 hover-effect-static filter-none mask mask-none\" src=\"https:\/\/zakrademos.com\/agency-03\/wp-content\/uploads\/sites\/102\/2021\/12\/contact-cta.png\" alt=\"\" height=\"151\" width=\"800\" srcset=\"https:\/\/www.zsanettberec.sk\/rozhovory-madarsky-prakticky\/wp-content\/uploads\/2021\/12\/contact-cta.png 800w, https:\/\/www.zsanettberec.sk\/rozhovory-madarsky-prakticky\/wp-content\/uploads\/2021\/12\/contact-cta-600x113.png 600w, https:\/\/www.zsanettberec.sk\/rozhovory-madarsky-prakticky\/wp-content\/uploads\/2021\/12\/contact-cta-300x57.png 300w, https:\/\/www.zsanettberec.sk\/rozhovory-madarsky-prakticky\/wp-content\/uploads\/2021\/12\/contact-cta-768x145.png 768w\" sizes=\"(max-width: 800px) 100vw, 800px\" \/><\/figure>\n<\/div><\/div>\n<\/div><\/div><\/div>\n\n\n\n<div class=\"blockart-section blockart-section-a8c7c151\"><div class=\"blockart-container-fluid\"><div class=\"blockart-section-inner\">\n<div class=\"blockart-column blockart-column-dab34859\"><div class=\"blockart-column-inner\"><\/div><\/div>\n\n\n\n<div class=\"blockart-column blockart-column-4d4d4da2\"><div class=\"blockart-column-inner\">\n<h2 class=\"blockart-heading blockart-heading-4d52da07\"> Po\u010fme sa porozpr\u00e1va\u0165 <\/h2>\n\n\n\n<div class=\"wp-block-columns is-layout-flex wp-container-core-columns-is-layout-28f84493 wp-block-columns-is-layout-flex\">\n<div class=\"wp-block-column is-layout-flow wp-block-column-is-layout-flow\">\n<p class=\"blockart-paragraph blockart-paragraph-a53e6353\">M\u00f4\u017eete mi zanecha\u0165 odkaz cez tento formul\u00e1r (kol\u00f3nky ozna\u010den\u00e9 hviezdi\u010dkou s\u00fa povinn\u00e9). <br><br>Spr\u00e1va cez kontaktn\u00fd formul\u00e1r sa posiela na adresu <br>rozhovory [ @ ] zsanettberec.sk<br><br>Na va\u0161e ot\u00e1zky, pripomienky odpoviem do 3 pracovn\u00fdch dn\u00ed.<br><br>Odpove\u010f dostanete v tom jazyku, v ktorom ste mi nap\u00edsali spr\u00e1vu.<br><br>Odpovede na spr\u00e1vy v \u010dase:<br>17.30 \u2013 20.00 (pondelok \u2013 piatok)<br>9.00 \u2013 14.00 (sobota)<\/p>\n<\/div>\n\n\n\n<div class=\"wp-block-column is-layout-flow wp-block-column-is-layout-flow\"><style id=\"wpforms-css-vars-1805-block-5d04b4d5-ff42-4155-800a-737b059d5d77\">\n\t\t\t\t#wpforms-1805.wpforms-block-5d04b4d5-ff42-4155-800a-737b059d5d77 {\n\t\t\t\t--wpforms-field-size-input-height: 43px;\n--wpforms-field-size-input-spacing: 15px;\n--wpforms-field-size-font-size: 16px;\n--wpforms-field-size-line-height: 19px;\n--wpforms-field-size-padding-h: 14px;\n--wpforms-field-size-checkbox-size: 16px;\n--wpforms-field-size-sublabel-spacing: 5px;\n--wpforms-field-size-icon-size: 1;\n--wpforms-label-size-font-size: 16px;\n--wpforms-label-size-line-height: 19px;\n--wpforms-label-size-sublabel-font-size: 14px;\n--wpforms-label-size-sublabel-line-height: 17px;\n--wpforms-button-size-font-size: 17px;\n--wpforms-button-size-height: 41px;\n--wpforms-button-size-padding-h: 15px;\n--wpforms-button-size-margin-top: 10px;\n\t\t\t}\n\t\t\t<\/style><div class=\"wpforms-container wpforms-container-full wpforms-block wpforms-block-5d04b4d5-ff42-4155-800a-737b059d5d77 wpforms-render-modern\" id=\"wpforms-1805\"><form id=\"wpforms-form-1805\" class=\"wpforms-validate wpforms-form wpforms-ajax-form\" data-formid=\"1805\" method=\"post\" enctype=\"multipart\/form-data\" action=\"\/rozhovory-madarsky-prakticky\/wp-json\/wp\/v2\/pages\/582\" data-token=\"6e1c194ace78f0ac8718e1e3f309166e\" data-token-time=\"1777298815\"><noscript class=\"wpforms-error-noscript\">Please enable JavaScript in your browser to complete this form.<\/noscript><div id=\"wpforms-error-noscript\" style=\"display: none;\">Please enable JavaScript in your browser to complete this form.<\/div><div class=\"wpforms-field-container\"><div id=\"wpforms-1805-field_1-container\" class=\"wpforms-field wpforms-field-name\" data-field-id=\"1\"><label class=\"wpforms-field-label\" for=\"wpforms-1805-field_1\">Meno <span class=\"wpforms-required-label\" aria-hidden=\"true\">*<\/span><\/label><input type=\"text\" id=\"wpforms-1805-field_1\" class=\"wpforms-field-large wpforms-field-required\" name=\"wpforms[fields][1]\" aria-errormessage=\"wpforms-1805-field_1-error\" required><\/div><div id=\"wpforms-1805-field_2-container\" class=\"wpforms-field wpforms-field-email\" data-field-id=\"2\"><label class=\"wpforms-field-label\" for=\"wpforms-1805-field_2\">E-mail <span class=\"wpforms-required-label\" aria-hidden=\"true\">*<\/span><\/label><input type=\"email\" id=\"wpforms-1805-field_2\" class=\"wpforms-field-large wpforms-field-required\" name=\"wpforms[fields][2]\" spellcheck=\"false\" aria-errormessage=\"wpforms-1805-field_2-error\" required><\/div><div id=\"wpforms-1805-field_5-container\" class=\"wpforms-field wpforms-field-name\" data-field-id=\"5\"><label class=\"wpforms-field-label\" for=\"wpforms-1805-field_5\">Predmet <span class=\"wpforms-required-label\" aria-hidden=\"true\">*<\/span><\/label><input type=\"text\" id=\"wpforms-1805-field_5\" class=\"wpforms-field-large wpforms-field-required\" name=\"wpforms[fields][5]\" aria-errormessage=\"wpforms-1805-field_5-error\" required><\/div>\t\t<div id=\"wpforms-1805-field_4-container\"\n\t\t\tclass=\"wpforms-field wpforms-field-text\"\n\t\t\tdata-field-type=\"text\"\n\t\t\tdata-field-id=\"4\"\n\t\t\t>\n\t\t\t<label class=\"wpforms-field-label\" for=\"wpforms-1805-field_4\" >Meno Predmet E-mail<\/label>\n\t\t\t<input type=\"text\" id=\"wpforms-1805-field_4\" class=\"wpforms-field-medium\" name=\"wpforms[fields][4]\" >\n\t\t<\/div>\n\t\t<div id=\"wpforms-1805-field_3-container\" class=\"wpforms-field wpforms-field-textarea\" data-field-id=\"3\"><label class=\"wpforms-field-label\" for=\"wpforms-1805-field_3\">Spr\u00e1va <span class=\"wpforms-required-label\" aria-hidden=\"true\">*<\/span><\/label><textarea id=\"wpforms-1805-field_3\" class=\"wpforms-field-medium wpforms-field-required\" name=\"wpforms[fields][3]\" aria-errormessage=\"wpforms-1805-field_3-error\" required><\/textarea><\/div><script>\n\t\t\t\t( function() {\n\t\t\t\t\tconst style = document.createElement( 'style' );\n\t\t\t\t\tstyle.appendChild( document.createTextNode( '#wpforms-1805-field_4-container { position: absolute !important; overflow: hidden !important; display: inline !important; height: 1px !important; width: 1px !important; z-index: -1000 !important; padding: 0 !important; } #wpforms-1805-field_4-container input { visibility: hidden; } #wpforms-conversational-form-page #wpforms-1805-field_4-container label { counter-increment: none; }' ) );\n\t\t\t\t\tdocument.head.appendChild( style );\n\t\t\t\t\tdocument.currentScript?.remove();\n\t\t\t\t} )();\n\t\t\t<\/script><\/div><!-- .wpforms-field-container --><div class=\"wpforms-submit-container\" ><input type=\"hidden\" name=\"wpforms[id]\" value=\"1805\"><input type=\"hidden\" name=\"page_title\" value=\"\"><input type=\"hidden\" name=\"page_url\" value=\"https:\/\/www.zsanettberec.sk\/rozhovory-madarsky-prakticky\/wp-json\/wp\/v2\/pages\/582\"><input type=\"hidden\" name=\"url_referer\" value=\"\"><button type=\"submit\" name=\"wpforms[submit]\" id=\"wpforms-submit-1805\" class=\"wpforms-submit\" data-alt-text=\"Odosiela sa...\" data-submit-text=\"Odosla\u0165\" aria-live=\"assertive\" value=\"wpforms-submit\">Odosla\u0165<\/button><img decoding=\"async\" src=\"https:\/\/www.zsanettberec.sk\/rozhovory-madarsky-prakticky\/wp-content\/plugins\/wpforms-lite\/assets\/images\/submit-spin.svg\" class=\"wpforms-submit-spinner\" style=\"display: none;\" width=\"26\" height=\"26\" alt=\"Loading\"><\/div><\/form><\/div>  <!-- .wpforms-container --><\/div>\n<\/div>\n\n\n\n<div class=\"blockart-buttons blockart-buttons-49e2ce5b is-wrap justify-center\">\n<div class=\"blockart-button blockart-button-b387f7b1 \"><a class=\"blockart-button-link is-custom is-style-filled\">Call us now<\/a><\/div>\n<\/div>\n<\/div><\/div>\n\n\n\n<div class=\"blockart-column blockart-column-119d63ce\"><div class=\"blockart-column-inner\"><\/div><\/div>\n<\/div><\/div><\/div>\n\n\n\n<div class=\"blockart-section blockart-section-979ffdef\"><div class=\"blockart-container-fluid\"><div class=\"blockart-section-inner\">\n<div class=\"blockart-column blockart-column-9d2964c2\"><div class=\"blockart-column-inner\"><\/div><\/div>\n<\/div><\/div><\/div>\n\n\n\n<div class=\"blockart-section blockart-section-d8bb7b25\"><div class=\"blockart-container\"><div class=\"blockart-section-inner\">\n<div class=\"blockart-column blockart-column-e70448c7\"><div class=\"blockart-column-inner\"><\/div><\/div>\n\n\n\n<div class=\"blockart-column blockart-column-716dcbed\"><div class=\"blockart-column-inner\">\n<figure class=\"blockart-image blockart-image-41c122c1\"><a href=\"https:\/\/www.facebook.com\/zakratheme\" target=\"_blank\" rel=\"noopener\"><img decoding=\"async\" class=\"wp-image-1828 hover-effect-static filter-none mask mask-none\" src=\"https:\/\/www.zsanettberec.sk\/rozhovory-madarsky-prakticky\/wp-content\/uploads\/2026\/01\/fb-ikon.png\" alt=\"\" height=\"290\" width=\"288\" srcset=\"https:\/\/www.zsanettberec.sk\/rozhovory-madarsky-prakticky\/wp-content\/uploads\/2026\/01\/fb-ikon.png 288w, https:\/\/www.zsanettberec.sk\/rozhovory-madarsky-prakticky\/wp-content\/uploads\/2026\/01\/fb-ikon-150x150.png 150w\" sizes=\"(max-width: 288px) 100vw, 288px\" \/><\/a><\/figure>\n<\/div><\/div>\n\n\n\n<div class=\"blockart-column blockart-column-b947f356\"><div class=\"blockart-column-inner\">\n<figure class=\"blockart-image blockart-image-0dc92492\"><a href=\"https:\/\/www.instagram.com\/rozhovory_madarsky_prakticky\/\" target=\"_blank\" rel=\"noopener\"><img loading=\"lazy\" decoding=\"async\" width=\"288\" height=\"288\" class=\"wp-image-1835 hover-effect-static filter-none mask mask-none\" src=\"https:\/\/www.zsanettberec.sk\/rozhovory-madarsky-prakticky\/wp-content\/uploads\/2026\/01\/instagram-ikon.jpg\" alt=\"\" srcset=\"https:\/\/www.zsanettberec.sk\/rozhovory-madarsky-prakticky\/wp-content\/uploads\/2026\/01\/instagram-ikon.jpg 288w, https:\/\/www.zsanettberec.sk\/rozhovory-madarsky-prakticky\/wp-content\/uploads\/2026\/01\/instagram-ikon-150x150.jpg 150w\" sizes=\"(max-width: 288px) 100vw, 288px\" \/><\/a><\/figure>\n<\/div><\/div>\n\n\n\n<div class=\"blockart-column blockart-column-ce805f44\"><div class=\"blockart-column-inner\"><\/div><\/div>\n<\/div><\/div><\/div>\n\n\n\n<p><\/p>\n","protected":false},"excerpt":{"rendered":"","protected":false},"author":1,"featured_media":0,"parent":0,"menu_order":0,"comment_status":"closed","ping_status":"closed","template":"page-templates\/pagebuilder.php","meta":{"zakra_page_container_layout":"stretched","zakra_page_sidebar_layout":"no_sidebar","zakra_remove_content_margin":true,"zakra_sidebar":"customizer","zakra_transparent_header":"customizer","zakra_logo":0,"zakra_main_header_style":"default","zakra_menu_item_color":"","zakra_menu_item_hover_color":"#000000","zakra_menu_item_active_color":"#23ab70","zakra_menu_active_style":"","zakra_page_header":true,"footnotes":""},"class_list":["post-582","page","type-page","status-publish","hentry"],"_links":{"self":[{"href":"https:\/\/www.zsanettberec.sk\/rozhovory-madarsky-prakticky\/wp-json\/wp\/v2\/pages\/582","targetHints":{"allow":["GET"]}}],"collection":[{"href":"https:\/\/www.zsanettberec.sk\/rozhovory-madarsky-prakticky\/wp-json\/wp\/v2\/pages"}],"about":[{"href":"https:\/\/www.zsanettberec.sk\/rozhovory-madarsky-prakticky\/wp-json\/wp\/v2\/types\/page"}],"author":[{"embeddable":true,"href":"https:\/\/www.zsanettberec.sk\/rozhovory-madarsky-prakticky\/wp-json\/wp\/v2\/users\/1"}],"replies":[{"embeddable":true,"href":"https:\/\/www.zsanettberec.sk\/rozhovory-madarsky-prakticky\/wp-json\/wp\/v2\/comments?post=582"}],"version-history":[{"count":50,"href":"https:\/\/www.zsanettberec.sk\/rozhovory-madarsky-prakticky\/wp-json\/wp\/v2\/pages\/582\/revisions"}],"predecessor-version":[{"id":2458,"href":"https:\/\/www.zsanettberec.sk\/rozhovory-madarsky-prakticky\/wp-json\/wp\/v2\/pages\/582\/revisions\/2458"}],"wp:attachment":[{"href":"https:\/\/www.zsanettberec.sk\/rozhovory-madarsky-prakticky\/wp-json\/wp\/v2\/media?parent=582"}],"curies":[{"name":"wp","href":"https:\/\/api.w.org\/{rel}","templated":true}]}}