{"id":2422,"date":"2026-02-25T20:42:05","date_gmt":"2026-02-25T19:42:05","guid":{"rendered":"https:\/\/www.zsanettberec.sk\/rozhovory-madarsky-prakticky\/?page_id=2422"},"modified":"2026-02-25T20:54:33","modified_gmt":"2026-02-25T19:54:33","slug":"vzorovy-formular-na-odstupenie-od-zmluvy","status":"publish","type":"page","link":"https:\/\/www.zsanettberec.sk\/rozhovory-madarsky-prakticky\/vzorovy-formular-na-odstupenie-od-zmluvy","title":{"rendered":"Vzorov\u00fd formul\u00e1r na odst\u00fapenie od zmluvy"},"content":{"rendered":"\n<p><em>(vypl\u0148te a po\u0161lite tento formul\u00e1r len v pr\u00edpade, \u017ee si \u017eel\u00e1te odst\u00fapi\u0165 od zmluvy)<\/em><\/p>\n\n\n\n<p><strong>Komu:<\/strong><br><strong>Obchodn\u00e9 meno:<\/strong>\u00a0SADOBA s.r.o.<br><strong>S\u00eddlo:<\/strong>\u00a0Vl\u010dany, 925 84 Vl\u010dany<br><strong>E-mail:<\/strong>\u00a0rozhovory [@] zsanettberec.sk<\/p>\n\n\n\n<p><em>T\u00fdmto oznamujem\/oznamujeme, \u017ee odstupujem\/odstupujeme<\/em>&nbsp;od zmluvy na tento tovar\/od zmluvy o poskytnut\u00ed tejto slu\u017eby.<\/p>\n\n\n\n<p><strong>N\u00e1zov tovaru\/slu\u017eby:<\/strong>&nbsp;\u2026\u2026\u2026\u2026\u2026\u2026\u2026\u2026\u2026\u2026\u2026\u2026\u2026\u2026\u2026\u2026\u2026\u2026\u2026\u2026<\/p>\n\n\n\n<p><strong>D\u00e1tum objednania \/ d\u00e1tum prijatia:<\/strong>&nbsp;\u2026\u2026\u2026\u2026\u2026\u2026\u2026\u2026\u2026\u2026\u2026\u2026\u2026\u2026\u2026\u2026\u2026\u2026\u2026\u2026<\/p>\n\n\n\n<p><strong>\u010c\u00edslo objedn\u00e1vky \/ fakt\u00fary:<\/strong>&nbsp;\u2026\u2026\u2026\u2026\u2026\u2026\u2026\u2026\u2026\u2026\u2026\u2026\u2026\u2026\u2026\u2026\u2026\u2026\u2026\u2026<\/p>\n\n\n\n<p><strong>Meno a priezvisko spotrebite\u013ea\/spotrebite\u013eov:<\/strong>&nbsp;\u2026\u2026\u2026\u2026\u2026\u2026\u2026\u2026\u2026\u2026\u2026\u2026\u2026\u2026\u2026\u2026\u2026\u2026\u2026\u2026<\/p>\n\n\n\n<p><strong>Adresa spotrebite\u013ea\/spotrebite\u013eov:<\/strong>&nbsp;\u2026\u2026\u2026\u2026\u2026\u2026\u2026\u2026\u2026\u2026\u2026\u2026\u2026\u2026\u2026\u2026\u2026\u2026\u2026\u2026<\/p>\n\n\n\n<p><strong>Podpis spotrebite\u013ea\/spotrebite\u013eov<\/strong>&nbsp;<em>(iba ak sa tento formul\u00e1r pod\u00e1va v listinnej podobe):<\/em><\/p>\n\n\n\n<p>\u2026\u2026\u2026\u2026\u2026\u2026\u2026\u2026\u2026\u2026\u2026\u2026\u2026\u2026\u2026\u2026\u2026\u2026\u2026\u2026<\/p>\n\n\n\n<p><strong>D\u00e1tum:<\/strong>&nbsp;\u2026\u2026\u2026\u2026\u2026\u2026\u2026\u2026\u2026\u2026..<\/p>\n\n\n\n<p><em>* Nehodiace sa pre\u010diarknite.<\/em><\/p>\n","protected":false},"excerpt":{"rendered":"<p>(vypl\u0148te a po\u0161lite tento formul\u00e1r len v pr\u00edpade, \u017ee si \u017eel\u00e1te odst\u00fapi\u0165 od zmluvy) Komu:Obchodn\u00e9 meno:\u00a0SADOBA s.r.o.S\u00eddlo:\u00a0Vl\u010dany, 925 84 Vl\u010danyE-mail:\u00a0rozhovory [@] zsanettberec.sk T\u00fdmto oznamujem\/oznamujeme, \u017ee odstupujem\/odstupujeme&nbsp;od zmluvy na tento tovar\/od zmluvy o poskytnut\u00ed tejto slu\u017eby. N\u00e1zov tovaru\/slu\u017eby:&nbsp;\u2026\u2026\u2026\u2026\u2026\u2026\u2026\u2026\u2026\u2026\u2026\u2026\u2026\u2026\u2026\u2026\u2026\u2026\u2026\u2026 D\u00e1tum objednania \/ d\u00e1tum prijatia:&nbsp;\u2026\u2026\u2026\u2026\u2026\u2026\u2026\u2026\u2026\u2026\u2026\u2026\u2026\u2026\u2026\u2026\u2026\u2026\u2026\u2026 \u010c\u00edslo objedn\u00e1vky \/ fakt\u00fary:&nbsp;\u2026\u2026\u2026\u2026\u2026\u2026\u2026\u2026\u2026\u2026\u2026\u2026\u2026\u2026\u2026\u2026\u2026\u2026\u2026\u2026 Meno a priezvisko spotrebite\u013ea\/spotrebite\u013eov:&nbsp;\u2026\u2026\u2026\u2026\u2026\u2026\u2026\u2026\u2026\u2026\u2026\u2026\u2026\u2026\u2026\u2026\u2026\u2026\u2026\u2026 Adresa spotrebite\u013ea\/spotrebite\u013eov:&nbsp;\u2026\u2026\u2026\u2026\u2026\u2026\u2026\u2026\u2026\u2026\u2026\u2026\u2026\u2026\u2026\u2026\u2026\u2026\u2026\u2026 Podpis spotrebite\u013ea\/spotrebite\u013eov&nbsp;(iba ak [&hellip;]<\/p>\n","protected":false},"author":1,"featured_media":0,"parent":0,"menu_order":0,"comment_status":"closed","ping_status":"closed","template":"","meta":{"zakra_page_container_layout":"customizer","zakra_page_sidebar_layout":"customizer","zakra_remove_content_margin":false,"zakra_sidebar":"customizer","zakra_transparent_header":"customizer","zakra_logo":0,"zakra_main_header_style":"default","zakra_menu_item_color":"","zakra_menu_item_hover_color":"","zakra_menu_item_active_color":"","zakra_menu_active_style":"","zakra_page_header":true,"footnotes":""},"class_list":["post-2422","page","type-page","status-publish","hentry"],"_links":{"self":[{"href":"https:\/\/www.zsanettberec.sk\/rozhovory-madarsky-prakticky\/wp-json\/wp\/v2\/pages\/2422","targetHints":{"allow":["GET"]}}],"collection":[{"href":"https:\/\/www.zsanettberec.sk\/rozhovory-madarsky-prakticky\/wp-json\/wp\/v2\/pages"}],"about":[{"href":"https:\/\/www.zsanettberec.sk\/rozhovory-madarsky-prakticky\/wp-json\/wp\/v2\/types\/page"}],"author":[{"embeddable":true,"href":"https:\/\/www.zsanettberec.sk\/rozhovory-madarsky-prakticky\/wp-json\/wp\/v2\/users\/1"}],"replies":[{"embeddable":true,"href":"https:\/\/www.zsanettberec.sk\/rozhovory-madarsky-prakticky\/wp-json\/wp\/v2\/comments?post=2422"}],"version-history":[{"count":1,"href":"https:\/\/www.zsanettberec.sk\/rozhovory-madarsky-prakticky\/wp-json\/wp\/v2\/pages\/2422\/revisions"}],"predecessor-version":[{"id":2423,"href":"https:\/\/www.zsanettberec.sk\/rozhovory-madarsky-prakticky\/wp-json\/wp\/v2\/pages\/2422\/revisions\/2423"}],"wp:attachment":[{"href":"https:\/\/www.zsanettberec.sk\/rozhovory-madarsky-prakticky\/wp-json\/wp\/v2\/media?parent=2422"}],"curies":[{"name":"wp","href":"https:\/\/api.w.org\/{rel}","templated":true}]}}