{"id":1760,"date":"2025-12-29T21:39:26","date_gmt":"2025-12-29T20:39:26","guid":{"rendered":"https:\/\/www.zsanettberec.sk\/rozhovory-madarsky-prakticky\/?page_id=1760"},"modified":"2026-03-01T19:10:49","modified_gmt":"2026-03-01T18:10:49","slug":"individualne-rozhovory-po-madarsky","status":"publish","type":"page","link":"https:\/\/www.zsanettberec.sk\/rozhovory-madarsky-prakticky\/individualne-rozhovory-po-madarsky","title":{"rendered":"Individu\u00e1lne rozhovory po ma\u010farsky"},"content":{"rendered":"\t\t<div data-elementor-type=\"wp-page\" data-elementor-id=\"1760\" class=\"elementor elementor-1760\">\n\t\t\t\t\t\t<section class=\"elementor-section elementor-top-section elementor-element elementor-element-7045ac7b elementor-section-boxed elementor-section-height-default elementor-section-height-default\" data-id=\"7045ac7b\" data-element_type=\"section\" data-e-type=\"section\" data-settings=\"{&quot;background_background&quot;:&quot;classic&quot;}\">\n\t\t\t\t\t\t\t<div class=\"elementor-background-overlay\"><\/div>\n\t\t\t\t\t\t\t<div class=\"elementor-container elementor-column-gap-default\">\n\t\t\t\t\t<div class=\"elementor-column elementor-col-100 elementor-top-column elementor-element elementor-element-2815ef7\" data-id=\"2815ef7\" data-element_type=\"column\" data-e-type=\"column\">\n\t\t\t<div class=\"elementor-widget-wrap elementor-element-populated\">\n\t\t\t\t\t\t<div class=\"elementor-element elementor-element-df4d7e6 elementor-widget elementor-widget-heading\" data-id=\"df4d7e6\" data-element_type=\"widget\" data-e-type=\"widget\" data-widget_type=\"heading.default\">\n\t\t\t\t\t<h1 class=\"elementor-heading-title elementor-size-default\"><a href=\"#rozhovory\">Rozhovory v ma\u010far\u010dine na va\u0161e t\u00e9my je online konverza\u010dn\u00fd mentoring, s ktor\u00fdm prekon\u00e1te bari\u00e9ru v rozpr\u00e1van\u00ed a z\u00edskate istotu v slovnej z\u00e1sobe, ktor\u00fa skuto\u010dne potrebujete,<\/a><\/h1>\t\t\t\t<\/div>\n\t\t\t\t<div class=\"elementor-element elementor-element-e428e0b elementor-widget elementor-widget-text-editor\" data-id=\"e428e0b\" data-element_type=\"widget\" data-e-type=\"widget\" data-widget_type=\"text-editor.default\">\n\t\t\t\t\t\t\t\t\t<p>a to bez toho, aby ste museli listova\u0165 v nudn\u00fdch u\u010debniciach alebo rie\u0161i\u0165 t\u00e9my, ktor\u00e9 v\u00e1s v\u00f4bec nezauj\u00edmaj\u00fa.<\/p>\t\t\t\t\t\t\t\t<\/div>\n\t\t\t\t<section class=\"elementor-section elementor-inner-section elementor-element elementor-element-7f8feab elementor-section-boxed elementor-section-height-default elementor-section-height-default\" data-id=\"7f8feab\" data-element_type=\"section\" data-e-type=\"section\">\n\t\t\t\t\t\t<div class=\"elementor-container elementor-column-gap-default\">\n\t\t\t\t\t<div class=\"elementor-column elementor-col-50 elementor-inner-column elementor-element elementor-element-2754b47f\" data-id=\"2754b47f\" data-element_type=\"column\" data-e-type=\"column\">\n\t\t\t<div class=\"elementor-widget-wrap elementor-element-populated\">\n\t\t\t\t\t\t<div class=\"elementor-element elementor-element-3d5a0bfc elementor-widget elementor-widget-text-editor\" data-id=\"3d5a0bfc\" data-element_type=\"widget\" data-e-type=\"widget\" data-widget_type=\"text-editor.default\">\n\t\t\t\t\t\t\t\t\t<p data-path-to-node=\"3\">Ak ako <b data-path-to-node=\"3\" data-index-in-node=\"7\">niekto, kto u\u017e z\u00e1klady ma\u010far\u010diny m\u00e1, ale v be\u017enej komunik\u00e1cii sa c\u00edti zaseknut\u00fd<\/b>, \u010dasto prem\u00fd\u0161\u013eate nad t\u00fdm, \u017ee <b data-path-to-node=\"3\" data-index-in-node=\"116\">\u201ev \u0161kole sme brali len rodinu a nakupovanie, ale ja potrebujem v ma\u010far\u010dine rie\u0161i\u0165 svoj biznis, \u0161pecifick\u00e9 hobby alebo hlbok\u00e9 debaty\u201c<\/b>, toto je pre v\u00e1s!<\/p>\t\t\t\t\t\t\t\t<\/div>\n\t\t\t\t<div class=\"elementor-element elementor-element-64a54e47 elementor-widget elementor-widget-button\" data-id=\"64a54e47\" data-element_type=\"widget\" data-e-type=\"widget\" data-widget_type=\"button.default\">\n\t\t\t\t\t\t\t\t\t\t<a class=\"elementor-button elementor-button-link elementor-size-lg\" href=\"#rozhovory\">\n\t\t\t\t\t\t<span class=\"elementor-button-content-wrapper\">\n\t\t\t\t\t\t\t\t\t<span class=\"elementor-button-text\">Chcem sa rozpr\u00e1va\u0165 po ma\u010farsky<\/span>\n\t\t\t\t\t<\/span>\n\t\t\t\t\t<\/a>\n\t\t\t\t\t\t\t\t<\/div>\n\t\t\t\t\t<\/div>\n\t\t<\/div>\n\t\t\t\t<div class=\"elementor-column elementor-col-50 elementor-inner-column elementor-element elementor-element-1d55f0c4\" data-id=\"1d55f0c4\" data-element_type=\"column\" data-e-type=\"column\">\n\t\t\t<div class=\"elementor-widget-wrap elementor-element-populated\">\n\t\t\t\t\t\t<div class=\"elementor-element elementor-element-8fc4ab8 elementor-widget elementor-widget-image\" data-id=\"8fc4ab8\" data-element_type=\"widget\" data-e-type=\"widget\" data-widget_type=\"image.default\">\n\t\t\t\t\t\t\t\t\t\t\t\t\t\t\t<img fetchpriority=\"high\" decoding=\"async\" width=\"740\" height=\"404\" src=\"https:\/\/www.zsanettberec.sk\/rozhovory-madarsky-prakticky\/wp-content\/uploads\/2026\/02\/individualne-rozhovory-1024x559.png\" class=\"attachment-large size-large wp-image-2351\" alt=\"\u017dena s ry\u0161av\u00fdmi vlasmi sed\u00ed v dom\u00e1cej kancel\u00e1rii pri po\u010d\u00edta\u010di, na ktorom prebieha online lekcia na t\u00e9mu individu\u00e1lna ma\u010far\u010dina. Na obrazovke monitora je vidie\u0165 druh\u00fa usmievav\u00fa \u017eenu po\u010das videohovoru. Na stole je polo\u017een\u00e1 k\u00e1va a z\u00e1pisn\u00edky, \u010do pod\u010diarkuje pr\u00edjemn\u00fa a neform\u00e1lnu atmosf\u00e9ru s\u00fakromn\u00e9ho vyu\u010dovania.\" srcset=\"https:\/\/www.zsanettberec.sk\/rozhovory-madarsky-prakticky\/wp-content\/uploads\/2026\/02\/individualne-rozhovory-1024x559.png 1024w, https:\/\/www.zsanettberec.sk\/rozhovory-madarsky-prakticky\/wp-content\/uploads\/2026\/02\/individualne-rozhovory-300x164.png 300w, https:\/\/www.zsanettberec.sk\/rozhovory-madarsky-prakticky\/wp-content\/uploads\/2026\/02\/individualne-rozhovory-768x419.png 768w, https:\/\/www.zsanettberec.sk\/rozhovory-madarsky-prakticky\/wp-content\/uploads\/2026\/02\/individualne-rozhovory-1536x838.png 1536w, https:\/\/www.zsanettberec.sk\/rozhovory-madarsky-prakticky\/wp-content\/uploads\/2026\/02\/individualne-rozhovory-2048x1117.png 2048w\" sizes=\"(max-width: 740px) 100vw, 740px\" \/>\t\t\t\t\t\t\t\t\t\t\t\t\t\t\t<\/div>\n\t\t\t\t\t<\/div>\n\t\t<\/div>\n\t\t\t\t\t<\/div>\n\t\t<\/section>\n\t\t\t\t\t<\/div>\n\t\t<\/div>\n\t\t\t\t\t<\/div>\n\t\t<\/section>\n\t\t\t\t<section class=\"elementor-section elementor-top-section elementor-element elementor-element-fc8744b elementor-section-boxed elementor-section-height-default elementor-section-height-default\" data-id=\"fc8744b\" data-element_type=\"section\" data-e-type=\"section\" data-settings=\"{&quot;background_background&quot;:&quot;classic&quot;}\">\n\t\t\t\t\t\t<div class=\"elementor-container elementor-column-gap-default\">\n\t\t\t\t\t<div class=\"elementor-column elementor-col-100 elementor-top-column elementor-element elementor-element-3502900\" data-id=\"3502900\" data-element_type=\"column\" data-e-type=\"column\">\n\t\t\t<div class=\"elementor-widget-wrap elementor-element-populated\">\n\t\t\t\t\t\t<div class=\"elementor-element elementor-element-8295299 elementor-widget elementor-widget-text-editor\" data-id=\"8295299\" data-element_type=\"widget\" data-e-type=\"widget\" data-widget_type=\"text-editor.default\">\n\t\t\t\t\t\t\t\t\t<p class=\"has-nv-dark-bg-color has-text-color has-link-color wp-elements-0b393ba28cb3ac4dabd838cef5a3ae8f\"><strong>Rozhovory pon\u00fakam tak\u00fdm \u013eu\u010fom, ktor\u00ed u\u017e po ma\u010farsky vedia<\/strong>, ale kv\u00f4li svojej pr\u00e1ci alebo pr\u00e1ci svojho partnera alebo partnerky neboli n\u00faten\u00ed pou\u017e\u00edva\u0165 ma\u010far\u010dinu a\u00a0<strong>ich slovn\u00e1 z\u00e1soba je \u010dasom slab\u0161ia<\/strong>. Pozn\u00e1m to, lebo som sa u\u010dila po anglicky, ale ke\u010f\u017ee som angli\u010dtinu nepou\u017e\u00edvala u\u017e vy\u0161e 20 rokov, moje znalosti u\u017e\u00a0pomaly, ale isto zapadaj\u00fa prachom.\u00a0\u00a0\u00a0<\/p><p><strong>Individu\u00e1lna ma\u010far\u010dina<\/strong>\u00a0je pre m\u0148a synonymom absol\u00fatnej slobody v komunik\u00e1cii. V klasick\u00fdch jazykov\u00fdch \u0161kol\u00e1ch sa \u010dasto to\u010d\u00edte v kruhu predp\u00edsan\u00fdch t\u00e9m ako objedn\u00e1vanie k\u00e1vy, p\u00fdtanie sa na cestu alebo rodinn\u00fd rodokme\u0148.<\/p><p>Ale \u010do ak sa potrebujete pripravi\u0165 na ostr\u00fa politick\u00fa diskusiu, prebra\u0165 komplikovan\u00fa strat\u00e9giu v\u00e1\u0161ho podnikania alebo rozobra\u0165 h\u013abku ezoterick\u00fdch u\u010den\u00ed? Pre \u00faspe\u0161n\u00e9\u00a0<strong>opr\u00e1\u0161enie ma\u010far\u010diny<\/strong>\u00a0je nevyhnutn\u00e9, aby ste sa c\u00edtili uvo\u013enene aj pri t\u00e9mach, ktor\u00e9 s\u00fa osobn\u00e9, \u0161pecifick\u00e9 alebo dokonca kontroverzn\u00e9.<\/p><p>Moji klienti h\u013eadaj\u00fa nie\u010do viac ne\u017e len lekciu. H\u013eadaj\u00fa partnera na dial\u00f3g, ktor\u00e9mu m\u00f4\u017eu d\u00f4verova\u0165. Individu\u00e1lna ma\u010far\u010dina u m\u0148a nie je iba o oprave gramatiky v ka\u017edej vete, ale o vytvoren\u00ed bezpe\u010dn\u00e9ho prostredia, kde je diskr\u00e9tnos\u0165 na prvom mieste.<\/p><p>Netvrd\u00edm, \u017ee som expertkou na ka\u017ed\u00fa t\u00e9mu do detailov, no budem va\u0161\u00edm pozorn\u00fdm posluch\u00e1\u010dom. Budem sa p\u00fdta\u0165, zauj\u00edma\u0165 sa o va\u0161e n\u00e1zory a citlivo v\u00e1s usmer\u0148ova\u0165, aby bola va\u0161a ma\u010far\u010dina \u010doraz prirodzenej\u0161ia.<\/p>\t\t\t\t\t\t\t\t<\/div>\n\t\t\t\t\t<\/div>\n\t\t<\/div>\n\t\t\t\t\t<\/div>\n\t\t<\/section>\n\t\t\t\t<section class=\"elementor-section elementor-top-section elementor-element elementor-element-c7406ee elementor-section-boxed elementor-section-height-default elementor-section-height-default\" data-id=\"c7406ee\" data-element_type=\"section\" data-e-type=\"section\" data-settings=\"{&quot;background_background&quot;:&quot;classic&quot;}\">\n\t\t\t\t\t\t<div class=\"elementor-container elementor-column-gap-default\">\n\t\t\t\t\t<div class=\"elementor-column elementor-col-100 elementor-top-column elementor-element elementor-element-7c83ec5\" data-id=\"7c83ec5\" data-element_type=\"column\" data-e-type=\"column\">\n\t\t\t<div class=\"elementor-widget-wrap elementor-element-populated\">\n\t\t\t\t\t\t<div class=\"elementor-element elementor-element-61c392b elementor-widget elementor-widget-text-editor\" data-id=\"61c392b\" data-element_type=\"widget\" data-e-type=\"widget\" data-widget_type=\"text-editor.default\">\n\t\t\t\t\t\t\t\t\t<h2 class=\"wp-block-heading has-nv-dark-bg-color has-text-color has-link-color has-large-font-size wp-elements-ffeebc21ff1b39b8b07b65e2157845d2\"><strong>Ako vyzeraj\u00fa moje hodiny ma\u010far\u010diny?<\/strong><\/h2><p class=\"has-neve-text-color-color has-text-color\"><strong>T\u00e9mu rozhovoru si ur\u010d\u00edte vy.<\/strong> Hovor\u00edme po ma\u010farsky, ja v\u00e1s l\u00e1skavo po\u010d\u00favam a v pr\u00edpade, \u017ee potrebujete doplni\u0165 nejak\u00e9 slovo, poviete ho po slovensky a ja v\u00e1m ho poviem v ma\u010far\u010dine. Zastavujeme sa pri slov\u00e1ch, ktor\u00e9 si potrebujete oslovi\u0165 alebo nau\u010di\u0165 jasnej\u0161ie vyslovi\u0165. Ak si to \u017eel\u00e1te, oprav\u00edm v\u00e1s po\u010das konverz\u00e1cie aj vtedy, ke\u010f poviete slovo alebo vetu v nespisovnom tvare.<\/p><h2 class=\"wp-block-heading has-nv-dark-bg-color has-text-color has-link-color has-large-font-size wp-elements-03ff7f29455a4f67be99671fdda3a810\"><strong>D\u013a\u017eka hodiny rozhovoru v ma\u010far\u010dine<\/strong><\/h2><p class=\"has-nv-dark-bg-color has-text-color has-link-color wp-elements-c735399ab9f45bfef91a64ed57947306\"><strong>Cena jednej hodiny<\/strong>\u00a0(60 min\u00fat) konverz\u00e1cie je\u00a0<strong>17 \u20ac<\/strong>, pri predplaten\u00ed 3 hod\u00edn naraz 15 \u20ac \/ hod, teda 45 \u20ac tri hodiny rozhovoru.<\/p><h2 class=\"wp-block-heading has-nv-dark-bg-color has-text-color has-link-color has-large-font-size wp-elements-2ade43960b2e7ff1fa94511cf8745af3\"><strong>Slu\u017ebu si m\u00f4\u017eete objedna\u0165<\/strong>\u00a0cez formul\u00e1r<\/h2><p class=\"has-nv-dark-bg-color has-text-color has-link-color wp-elements-0048255b89aef3bd50d66818ae53c77c\">Ak si chcete objedna\u0165 3 hodiny naraz:<\/p><ol class=\"wp-block-list has-neve-text-color-color has-text-color has-link-color wp-elements-e3cc8e9202c1dd69b4a414ad011a791a\"><li><mark class=\"has-inline-color has-neve-text-color-color\">vyberte si polo\u017eku 3 kr\u00e1t<\/mark><\/li><li><mark class=\"has-inline-color has-nv-dark-bg-color\">vypl\u0148te \u00fadaje<\/mark><\/li><li><mark class=\"has-inline-color has-nv-dark-bg-color\">vyberte si sp\u00f4sob platby<\/mark><\/li><li><mark class=\"has-inline-color has-neve-text-color-color\">ozna\u010dte kol\u00f3nku \u201eM\u00e1m z\u013eavov\u00fd k\u00f3d\u201c a do okienka, ktor\u00fd sa objav\u00ed, zap\u00ed\u0161te nasleduj\u00faci k\u00f3d KVMAD.<\/mark><\/li><\/ol>\t\t\t\t\t\t\t\t<\/div>\n\t\t\t\t<div class=\"elementor-element elementor-element-76cd835 elementor-widget elementor-widget-html\" data-id=\"76cd835\" data-element_type=\"widget\" data-e-type=\"widget\" data-widget_type=\"html.default\">\n\t\t\t\t\t<script type=\"text\/javascript\" src=\"https:\/\/form.fapi.cz\/script.php?id=efdd3d14-83ce-412f-a873-35da49822d53\"><\/script>\t\t\t\t<\/div>\n\t\t\t\t\t<\/div>\n\t\t<\/div>\n\t\t\t\t\t<\/div>\n\t\t<\/section>\n\t\t\t\t<\/div>\n\t\t","protected":false},"excerpt":{"rendered":"<p>Rozhovory v ma\u010far\u010dine na va\u0161e t\u00e9my je online konverza\u010dn\u00fd mentoring, s ktor\u00fdm prekon\u00e1te bari\u00e9ru v rozpr\u00e1van\u00ed a z\u00edskate istotu v slovnej z\u00e1sobe, ktor\u00fa skuto\u010dne potrebujete, a to bez toho, aby ste museli listova\u0165 v nudn\u00fdch u\u010debniciach alebo rie\u0161i\u0165 t\u00e9my, ktor\u00e9 v\u00e1s v\u00f4bec nezauj\u00edmaj\u00fa. Ak ako niekto, kto u\u017e z\u00e1klady ma\u010far\u010diny m\u00e1, ale v be\u017enej komunik\u00e1cii [&hellip;]<\/p>\n","protected":false},"author":1,"featured_media":0,"parent":0,"menu_order":0,"comment_status":"closed","ping_status":"closed","template":"elementor_canvas","meta":{"zakra_page_container_layout":"customizer","zakra_page_sidebar_layout":"customizer","zakra_remove_content_margin":false,"zakra_sidebar":"customizer","zakra_transparent_header":"customizer","zakra_logo":0,"zakra_main_header_style":"default","zakra_menu_item_color":"","zakra_menu_item_hover_color":"","zakra_menu_item_active_color":"","zakra_menu_active_style":"","zakra_page_header":true,"footnotes":""},"class_list":["post-1760","page","type-page","status-publish","hentry"],"_links":{"self":[{"href":"https:\/\/www.zsanettberec.sk\/rozhovory-madarsky-prakticky\/wp-json\/wp\/v2\/pages\/1760","targetHints":{"allow":["GET"]}}],"collection":[{"href":"https:\/\/www.zsanettberec.sk\/rozhovory-madarsky-prakticky\/wp-json\/wp\/v2\/pages"}],"about":[{"href":"https:\/\/www.zsanettberec.sk\/rozhovory-madarsky-prakticky\/wp-json\/wp\/v2\/types\/page"}],"author":[{"embeddable":true,"href":"https:\/\/www.zsanettberec.sk\/rozhovory-madarsky-prakticky\/wp-json\/wp\/v2\/users\/1"}],"replies":[{"embeddable":true,"href":"https:\/\/www.zsanettberec.sk\/rozhovory-madarsky-prakticky\/wp-json\/wp\/v2\/comments?post=1760"}],"version-history":[{"count":44,"href":"https:\/\/www.zsanettberec.sk\/rozhovory-madarsky-prakticky\/wp-json\/wp\/v2\/pages\/1760\/revisions"}],"predecessor-version":[{"id":2648,"href":"https:\/\/www.zsanettberec.sk\/rozhovory-madarsky-prakticky\/wp-json\/wp\/v2\/pages\/1760\/revisions\/2648"}],"wp:attachment":[{"href":"https:\/\/www.zsanettberec.sk\/rozhovory-madarsky-prakticky\/wp-json\/wp\/v2\/media?parent=1760"}],"curies":[{"name":"wp","href":"https:\/\/api.w.org\/{rel}","templated":true}]}}