{"id":1171,"date":"2025-12-13T12:07:55","date_gmt":"2025-12-13T11:07:55","guid":{"rendered":"https:\/\/www.zsanettberec.sk\/rozhovory-madarsky-prakticky\/?page_id=1171"},"modified":"2026-01-05T11:33:44","modified_gmt":"2026-01-05T10:33:44","slug":"objavte-svoj-jazykovy-blok-madarciny-ktory-zo-4-typov-ste-vy","status":"publish","type":"page","link":"https:\/\/www.zsanettberec.sk\/rozhovory-madarsky-prakticky\/objavte-svoj-jazykovy-blok-madarciny-ktory-zo-4-typov-ste-vy","title":{"rendered":"Objavte svoj jazykov\u00fd blok ma\u010far\u010diny, ktor\u00fd zo 4 typov ste vy?"},"content":{"rendered":"\t\t<div data-elementor-type=\"wp-page\" data-elementor-id=\"1171\" class=\"elementor elementor-1171\">\n\t\t\t\t\t\t<section class=\"elementor-section elementor-top-section elementor-element elementor-element-3e042bd2 elementor-section-boxed elementor-section-height-default elementor-section-height-default\" data-id=\"3e042bd2\" data-element_type=\"section\" data-e-type=\"section\" data-settings=\"{&quot;background_background&quot;:&quot;classic&quot;}\">\n\t\t\t\t\t\t\t<div class=\"elementor-background-overlay\"><\/div>\n\t\t\t\t\t\t\t<div class=\"elementor-container elementor-column-gap-default\">\n\t\t\t\t\t<div class=\"elementor-column elementor-col-100 elementor-top-column elementor-element elementor-element-618f74b6\" data-id=\"618f74b6\" data-element_type=\"column\" data-e-type=\"column\">\n\t\t\t<div class=\"elementor-widget-wrap elementor-element-populated\">\n\t\t\t\t\t\t<section class=\"elementor-section elementor-inner-section elementor-element elementor-element-735bc2c1 elementor-section-boxed elementor-section-height-default elementor-section-height-default\" data-id=\"735bc2c1\" data-element_type=\"section\" data-e-type=\"section\">\n\t\t\t\t\t\t<div class=\"elementor-container elementor-column-gap-default\">\n\t\t\t\t\t<div class=\"elementor-column elementor-col-100 elementor-inner-column elementor-element elementor-element-77a72582\" data-id=\"77a72582\" data-element_type=\"column\" data-e-type=\"column\">\n\t\t\t<div class=\"elementor-widget-wrap elementor-element-populated\">\n\t\t\t\t\t\t<div class=\"elementor-element elementor-element-5586bedc elementor-widget elementor-widget-heading\" data-id=\"5586bedc\" data-element_type=\"widget\" data-e-type=\"widget\" data-widget_type=\"heading.default\">\n\t\t\t\t\t<h1 class=\"elementor-heading-title elementor-size-default\">Urobte si tento <b>kr\u00e1tky test<\/b> a identifikujte svoj <b>jazykov\u00fd blok<\/b> s v\u00fdsledkom hne\u010f,<\/h1>\t\t\t\t<\/div>\n\t\t\t\t<div class=\"elementor-element elementor-element-2d6b170 elementor-widget elementor-widget-text-editor\" data-id=\"2d6b170\" data-element_type=\"widget\" data-e-type=\"widget\" data-widget_type=\"text-editor.default\">\n\t\t\t\t\t\t\t\t\t<p>aj ke\u010f ste doteraz nerozumeli skuto\u010dn\u00e9mu d\u00f4vodu v\u00e1\u0161ho ticha<br \/>a klasick\u00e9 kurzy vo v\u00e1s zanechali len pocit frustr\u00e1cie<\/p>\t\t\t\t\t\t\t\t<\/div>\n\t\t<div class=\"elementor-element elementor-element-713e938 elementor-hidden-desktop elementor-hidden-tablet e-flex e-con-boxed e-con e-parent\" data-id=\"713e938\" data-element_type=\"container\" data-e-type=\"container\">\n\t\t\t\t\t<div class=\"e-con-inner\">\n\t\t<div class=\"elementor-element elementor-element-aad41a2 e-grid e-con-full e-con e-child\" data-id=\"aad41a2\" data-element_type=\"container\" data-e-type=\"container\">\n\t\t\t\t<div class=\"elementor-element elementor-element-49bffce elementor-widget elementor-widget-text-editor\" data-id=\"49bffce\" data-element_type=\"widget\" data-e-type=\"widget\" data-widget_type=\"text-editor.default\">\n\t\t\t\t\t\t\t\t\t<p>Mo\u017eno ste z ma\u010farsky hovoriacej rodiny, mo\u017eno ste ho roky po\u010d\u00favali<br \/>u star\u00fdch rodi\u010dov alebo na ulici. M\u00e1te v sebe t\u00fa mel\u00f3diu, pozn\u00e1te tie slov\u00e1.<br \/>Ale v momente, ke\u010f sa od v\u00e1s o\u010dak\u00e1va reakcia, nastane tma.<\/p><p>M\u00e1te to v hlave, rozumiete takmer v\u0161etko, ale ke\u010f m\u00e1te otvori\u0165 \u00fasta, akoby v\u00e1s niekto zamkol.<\/p>\t\t\t\t\t\t\t\t<\/div>\n\t\t\t\t<\/div>\n\t\t\t\t\t<\/div>\n\t\t\t\t<\/div>\n\t\t\t\t<div class=\"elementor-element elementor-element-486eee5 elementor-widget__width-initial e-transform elementor-hidden-mobile elementor-widget elementor-widget-text-editor\" data-id=\"486eee5\" data-element_type=\"widget\" data-e-type=\"widget\" data-settings=\"{&quot;_transform_translateX_effect&quot;:{&quot;unit&quot;:&quot;px&quot;,&quot;size&quot;:220,&quot;sizes&quot;:[]},&quot;_transform_translateX_effect_tablet&quot;:{&quot;unit&quot;:&quot;px&quot;,&quot;size&quot;:&quot;&quot;,&quot;sizes&quot;:[]},&quot;_transform_translateX_effect_mobile&quot;:{&quot;unit&quot;:&quot;px&quot;,&quot;size&quot;:&quot;&quot;,&quot;sizes&quot;:[]},&quot;_transform_translateY_effect&quot;:{&quot;unit&quot;:&quot;px&quot;,&quot;size&quot;:&quot;&quot;,&quot;sizes&quot;:[]},&quot;_transform_translateY_effect_tablet&quot;:{&quot;unit&quot;:&quot;px&quot;,&quot;size&quot;:&quot;&quot;,&quot;sizes&quot;:[]},&quot;_transform_translateY_effect_mobile&quot;:{&quot;unit&quot;:&quot;px&quot;,&quot;size&quot;:&quot;&quot;,&quot;sizes&quot;:[]}}\" data-widget_type=\"text-editor.default\">\n\t\t\t\t\t\t\t\t\t<p>Mo\u017eno ste z ma\u010farsky hovoriacej rodiny, mo\u017eno ste ho roky po\u010d\u00favali<br \/>u star\u00fdch rodi\u010dov alebo na ulici. M\u00e1te v sebe t\u00fa mel\u00f3diu, pozn\u00e1te tie slov\u00e1.<br \/>Ale v momente, ke\u010f sa od v\u00e1s o\u010dak\u00e1va reakcia, nastane tma.<\/p><p>M\u00e1te to v hlave, rozumiete takmer v\u0161etko, ale ke\u010f m\u00e1te otvori\u0165 \u00fasta, akoby v\u00e1s niekto zamkol.<\/p>\t\t\t\t\t\t\t\t<\/div>\n\t\t\t\t<div class=\"elementor-element elementor-element-4a27e9f3 elementor-align-center elementor-widget elementor-widget-button\" data-id=\"4a27e9f3\" data-element_type=\"widget\" data-e-type=\"widget\" data-widget_type=\"button.default\">\n\t\t\t\t\t\t\t\t\t\t<a class=\"elementor-button elementor-button-link elementor-size-lg\" href=\"https:\/\/forms.gle\/7qbtJgNZKacVXXV26\" target=\"_blank\" rel=\"noopener\">\n\t\t\t\t\t\t<span class=\"elementor-button-content-wrapper\">\n\t\t\t\t\t\t\t\t\t<span class=\"elementor-button-text\">Chcem zisti\u0165 svoj typ bloku<\/span>\n\t\t\t\t\t<\/span>\n\t\t\t\t\t<\/a>\n\t\t\t\t\t\t\t\t<\/div>\n\t\t\t\t\t<\/div>\n\t\t<\/div>\n\t\t\t\t\t<\/div>\n\t\t<\/section>\n\t\t\t\t\t<\/div>\n\t\t<\/div>\n\t\t\t\t\t<\/div>\n\t\t<\/section>\n\t\t\t\t<section class=\"elementor-section elementor-top-section elementor-element elementor-element-34cfd2d3 elementor-section-boxed elementor-section-height-default elementor-section-height-default\" data-id=\"34cfd2d3\" data-element_type=\"section\" data-e-type=\"section\">\n\t\t\t\t\t\t<div class=\"elementor-container elementor-column-gap-default\">\n\t\t\t\t\t<div class=\"elementor-column elementor-col-50 elementor-top-column elementor-element elementor-element-4b78db93\" data-id=\"4b78db93\" data-element_type=\"column\" data-e-type=\"column\">\n\t\t\t<div class=\"elementor-widget-wrap elementor-element-populated\">\n\t\t\t\t\t\t<section class=\"elementor-section elementor-inner-section elementor-element elementor-element-1bf663 elementor-section-boxed elementor-section-height-default elementor-section-height-default\" data-id=\"1bf663\" data-element_type=\"section\" data-e-type=\"section\">\n\t\t\t\t\t\t<div class=\"elementor-container elementor-column-gap-default\">\n\t\t\t\t\t<div class=\"elementor-column elementor-col-100 elementor-inner-column elementor-element elementor-element-192f249c\" data-id=\"192f249c\" data-element_type=\"column\" data-e-type=\"column\">\n\t\t\t<div class=\"elementor-widget-wrap elementor-element-populated\">\n\t\t\t\t\t\t<div class=\"elementor-element elementor-element-aab5f75 elementor-widget elementor-widget-text-editor\" data-id=\"aab5f75\" data-element_type=\"widget\" data-e-type=\"widget\" data-widget_type=\"text-editor.default\">\n\t\t\t\t\t\t\t\t\t<p data-path-to-node=\"20\"><b>Pozn\u00e1te ten&#8230;<\/b><\/p><p>&#8230; strach, \u017ee v\u00e1\u0161 pr\u00edzvuk alebo gramatick\u00e1 chyba vyvol\u00e1 v\u00fdsmech,<\/p><p>&#8230; pocit, by\u0165 pr\u00edtomn\u00e1 v skupine, ale c\u00edti\u0165 sa ako \u201ek\u00f4l v plote\u201c, preto\u017ee nedok\u00e1\u017eete reagova\u0165 na vtipy alebo postrehy,<\/p><p>&#8230; pocit, ke\u010f hrdlo stiahne \u00fazkos\u0165 v momente, ke\u010f v\u00e1s niekto oslov\u00ed po ma\u010farsky,<\/p><p>&#8230; pocit frustr\u00e1cie z toho, \u017ee nedok\u00e1\u017eete vyjadri\u0165 svoju dospel\u00fa osobnos\u0165,<\/p><p>&#8230; neust\u00e1ly pocit, \u017ee ste \u201efalo\u0161n\u00e1\u201c, preto\u017ee nerozpr\u00e1vate jazykom, ktor\u00fd by mal by\u0165 v\u00e1\u0161.<\/p>\t\t\t\t\t\t\t\t<\/div>\n\t\t\t\t\t<\/div>\n\t\t<\/div>\n\t\t\t\t\t<\/div>\n\t\t<\/section>\n\t\t\t\t\t<\/div>\n\t\t<\/div>\n\t\t\t\t<div class=\"elementor-column elementor-col-50 elementor-top-column elementor-element elementor-element-26832ca7\" data-id=\"26832ca7\" data-element_type=\"column\" data-e-type=\"column\">\n\t\t\t<div class=\"elementor-widget-wrap elementor-element-populated\">\n\t\t\t\t\t\t<section class=\"elementor-section elementor-inner-section elementor-element elementor-element-4a61367f elementor-section-boxed elementor-section-height-default elementor-section-height-default\" data-id=\"4a61367f\" data-element_type=\"section\" data-e-type=\"section\">\n\t\t\t\t\t\t<div class=\"elementor-container elementor-column-gap-default\">\n\t\t\t\t\t<div class=\"elementor-column elementor-col-100 elementor-inner-column elementor-element elementor-element-22549670\" data-id=\"22549670\" data-element_type=\"column\" data-e-type=\"column\">\n\t\t\t<div class=\"elementor-widget-wrap elementor-element-populated\">\n\t\t\t\t\t\t<div class=\"elementor-element elementor-element-7399bb7f elementor-hidden-mobile elementor-widget elementor-widget-image\" data-id=\"7399bb7f\" data-element_type=\"widget\" data-e-type=\"widget\" data-widget_type=\"image.default\">\n\t\t\t\t\t\t\t\t\t\t\t\t\t\t\t<img fetchpriority=\"high\" decoding=\"async\" width=\"740\" height=\"330\" src=\"https:\/\/www.zsanettberec.sk\/rozhovory-madarsky-prakticky\/wp-content\/uploads\/2026\/01\/Objavte-svoj-jazykovy-blok-madarciny-ktory-zo-4-typov-ste-vy-01-03-2026_10_13_PM-1024x456.png\" class=\"attachment-large size-large wp-image-1948\" alt=\"\" srcset=\"https:\/\/www.zsanettberec.sk\/rozhovory-madarsky-prakticky\/wp-content\/uploads\/2026\/01\/Objavte-svoj-jazykovy-blok-madarciny-ktory-zo-4-typov-ste-vy-01-03-2026_10_13_PM-1024x456.png 1024w, https:\/\/www.zsanettberec.sk\/rozhovory-madarsky-prakticky\/wp-content\/uploads\/2026\/01\/Objavte-svoj-jazykovy-blok-madarciny-ktory-zo-4-typov-ste-vy-01-03-2026_10_13_PM-300x134.png 300w, https:\/\/www.zsanettberec.sk\/rozhovory-madarsky-prakticky\/wp-content\/uploads\/2026\/01\/Objavte-svoj-jazykovy-blok-madarciny-ktory-zo-4-typov-ste-vy-01-03-2026_10_13_PM-768x342.png 768w, https:\/\/www.zsanettberec.sk\/rozhovory-madarsky-prakticky\/wp-content\/uploads\/2026\/01\/Objavte-svoj-jazykovy-blok-madarciny-ktory-zo-4-typov-ste-vy-01-03-2026_10_13_PM-1536x684.png 1536w, https:\/\/www.zsanettberec.sk\/rozhovory-madarsky-prakticky\/wp-content\/uploads\/2026\/01\/Objavte-svoj-jazykovy-blok-madarciny-ktory-zo-4-typov-ste-vy-01-03-2026_10_13_PM.png 1912w\" sizes=\"(max-width: 740px) 100vw, 740px\" \/>\t\t\t\t\t\t\t\t\t\t\t\t\t\t\t<\/div>\n\t\t\t\t<div class=\"elementor-element elementor-element-0fdb281 elementor-hidden-desktop elementor-hidden-tablet elementor-widget elementor-widget-image\" data-id=\"0fdb281\" data-element_type=\"widget\" data-e-type=\"widget\" data-widget_type=\"image.default\">\n\t\t\t\t\t\t\t\t\t\t\t\t\t\t\t<img fetchpriority=\"high\" decoding=\"async\" width=\"740\" height=\"330\" src=\"https:\/\/www.zsanettberec.sk\/rozhovory-madarsky-prakticky\/wp-content\/uploads\/2026\/01\/Objavte-svoj-jazykovy-blok-madarciny-ktory-zo-4-typov-ste-vy-01-03-2026_10_13_PM-1024x456.png\" class=\"attachment-large size-large wp-image-1948\" alt=\"\" srcset=\"https:\/\/www.zsanettberec.sk\/rozhovory-madarsky-prakticky\/wp-content\/uploads\/2026\/01\/Objavte-svoj-jazykovy-blok-madarciny-ktory-zo-4-typov-ste-vy-01-03-2026_10_13_PM-1024x456.png 1024w, https:\/\/www.zsanettberec.sk\/rozhovory-madarsky-prakticky\/wp-content\/uploads\/2026\/01\/Objavte-svoj-jazykovy-blok-madarciny-ktory-zo-4-typov-ste-vy-01-03-2026_10_13_PM-300x134.png 300w, https:\/\/www.zsanettberec.sk\/rozhovory-madarsky-prakticky\/wp-content\/uploads\/2026\/01\/Objavte-svoj-jazykovy-blok-madarciny-ktory-zo-4-typov-ste-vy-01-03-2026_10_13_PM-768x342.png 768w, https:\/\/www.zsanettberec.sk\/rozhovory-madarsky-prakticky\/wp-content\/uploads\/2026\/01\/Objavte-svoj-jazykovy-blok-madarciny-ktory-zo-4-typov-ste-vy-01-03-2026_10_13_PM-1536x684.png 1536w, https:\/\/www.zsanettberec.sk\/rozhovory-madarsky-prakticky\/wp-content\/uploads\/2026\/01\/Objavte-svoj-jazykovy-blok-madarciny-ktory-zo-4-typov-ste-vy-01-03-2026_10_13_PM.png 1912w\" sizes=\"(max-width: 740px) 100vw, 740px\" \/>\t\t\t\t\t\t\t\t\t\t\t\t\t\t\t<\/div>\n\t\t\t\t\t<\/div>\n\t\t<\/div>\n\t\t\t\t\t<\/div>\n\t\t<\/section>\n\t\t\t\t\t<\/div>\n\t\t<\/div>\n\t\t\t\t\t<\/div>\n\t\t<\/section>\n\t\t\t\t<section class=\"elementor-section elementor-top-section elementor-element elementor-element-t0rv61n elementor-section-content-top elementor-section-boxed elementor-section-height-default elementor-section-height-default\" data-id=\"t0rv61n\" data-element_type=\"section\" data-e-type=\"section\" data-settings=\"{&quot;background_background&quot;:&quot;classic&quot;}\">\n\t\t\t\t\t\t\t<div class=\"elementor-background-overlay\"><\/div>\n\t\t\t\t\t\t\t<div class=\"elementor-container elementor-column-gap-no\">\n\t\t\t\t\t<div class=\"elementor-column elementor-col-100 elementor-top-column elementor-element elementor-element-5312e3d\" data-id=\"5312e3d\" data-element_type=\"column\" data-e-type=\"column\">\n\t\t\t<div class=\"elementor-widget-wrap elementor-element-populated\">\n\t\t\t\t\t\t<div class=\"elementor-element elementor-element-14524f7 elementor-widget__width-initial elementor-widget elementor-widget-text-editor\" data-id=\"14524f7\" data-element_type=\"widget\" data-e-type=\"widget\" data-widget_type=\"text-editor.default\">\n\t\t\t\t\t\t\t\t\t<p>K\u00fdm ostatn\u00ed neust\u00e1le sk\u00fa\u0161aj\u00fa nov\u00e9 aplik\u00e1cie a ost\u00e1vaj\u00fa zablokovan\u00ed, vy u\u017e zajtra m\u00f4\u017eete pozna\u0165 pr\u00edstupov\u00fd k\u00f3d k svojej vlastnej ma\u010far\u010dine.<\/p>\t\t\t\t\t\t\t\t<\/div>\n\t\t\t\t\t<\/div>\n\t\t<\/div>\n\t\t\t\t\t<\/div>\n\t\t<\/section>\n\t\t\t\t<section class=\"elementor-section elementor-top-section elementor-element elementor-element-7a702f81 elementor-section-boxed elementor-section-height-default elementor-section-height-default\" data-id=\"7a702f81\" data-element_type=\"section\" data-e-type=\"section\" data-settings=\"{&quot;background_background&quot;:&quot;classic&quot;}\">\n\t\t\t\t\t\t\t<div class=\"elementor-background-overlay\"><\/div>\n\t\t\t\t\t\t\t<div class=\"elementor-container elementor-column-gap-default\">\n\t\t\t\t\t<div class=\"elementor-column elementor-col-100 elementor-top-column elementor-element elementor-element-7bdaef0a\" data-id=\"7bdaef0a\" data-element_type=\"column\" data-e-type=\"column\">\n\t\t\t<div class=\"elementor-widget-wrap elementor-element-populated\">\n\t\t\t\t\t\t<div class=\"elementor-element elementor-element-feaa004 elementor-widget elementor-widget-text-editor\" data-id=\"feaa004\" data-element_type=\"widget\" data-e-type=\"widget\" data-widget_type=\"text-editor.default\">\n\t\t\t\t\t\t\t\t\t<p style=\"text-align: center;\">Hlasy t\u00fdch, ktor\u00e9 sa rozhodli prebudi\u0165 svoju spiacu ma\u010far\u010dinu\u200b<\/p>\t\t\t\t\t\t\t\t<\/div>\n\t\t\t\t<section class=\"elementor-section elementor-inner-section elementor-element elementor-element-3b70f183 elementor-section-boxed elementor-section-height-default elementor-section-height-default\" data-id=\"3b70f183\" data-element_type=\"section\" data-e-type=\"section\">\n\t\t\t\t\t\t<div class=\"elementor-container elementor-column-gap-default\">\n\t\t\t\t\t<div class=\"elementor-column elementor-col-100 elementor-inner-column elementor-element elementor-element-6e68b36d\" data-id=\"6e68b36d\" data-element_type=\"column\" data-e-type=\"column\">\n\t\t\t<div class=\"elementor-widget-wrap elementor-element-populated\">\n\t\t\t\t\t\t<div class=\"elementor-element elementor-element-8c52278 elementor-widget__width-initial elementor-widget elementor-widget-eael-testimonial\" data-id=\"8c52278\" data-element_type=\"widget\" data-e-type=\"widget\" data-widget_type=\"eael-testimonial.default\">\n\t\t\t\t\t\n\t<div id=\"eael-testimonial-8c52278\" class=\"eael-testimonial-item clearfix testimonial-avatar-rounded middle-style\">\n\t\t\t\t\n\t\t\t\t\t<div class=\"eael-testimonial-content\">\n\t\t\t\t<div class=\"eael-testimonial-text\"><p>V\u010faka konverz\u00e1ci\u00e1m so Zsanett sa moja ma\u010far\u010dina dostala na neporovnate\u013en\u00fa \u00farove\u0148. Nebolo to hne\u010f tak\u00e9 \u013eahk\u00e9, ale ve\u013emi ma bavili na\u0161e rozhovory a \u010dasto som si uvedomovala, \u017ee prest\u00e1vam rozm\u00fd\u0161\u013ea\u0165 len o tom, ako hovori\u0165, ale proste hovor\u00edm, \u010do chcem poveda\u0165. Zsanett zasahuje do rozhovorov ve\u013emi citlivo. V\u00f4bec nem\u00e1te pocit, \u017ee v\u00e1s \u201cp\u00e9ruje\u201d u\u010dite\u013e, ale zdvorilo v\u00e1s zastav\u00ed, oprav\u00ed a nech\u00e1, aby ste pokra\u010dovali vo svojom rozpr\u00e1van\u00ed. Po vy\u0161e roku pravideln\u00fdch hod\u00edn konverz\u00e1cie, som dok\u00e1zala vies\u0165 pracovn\u00fd rozhovor s jedn\u00fdm z najv\u00e4\u010d\u0161\u00edch podnikate\u013eov v kni\u017enom odvetv\u00ed. Ke\u010f\u017ee je tie\u017e Ma\u010far, hovorili sme spolu v rodnej re\u010di, \u010do dalo n\u00e1\u0161mu obchodn\u00e9mu stretnutiu \u00faplne in\u00fd r\u00e1z. \u010eakujem, Zsani.<\/p><\/div>\t\t\t\t\t\t\t<div class=\"eael-testimonial-image\">\n\t\t\t\t\t\t\t\t\t<figure><img decoding=\"async\" width=\"300\" height=\"290\" src=\"https:\/\/www.zsanettberec.sk\/rozhovory-madarsky-prakticky\/wp-content\/uploads\/2026\/01\/revicka-gabriela-rozhovor-600x600-1-600x580-1-300x290-1.jpg\" class=\"attachment-large size-large wp-image-2057\" alt=\"\" \/><\/figure>\n\t\t\t\t\t\t\t<\/div>\n\t\t\t\t\t\t\t<div class=\"clearfix\">\n\t\t\t\t\t<p class=\"eael-testimonial-user\">Gabi Revick\u00e1,<\/p><p class=\"eael-testimonial-user-company\">ezeny.sk<\/p>\t\t\t\t<\/div>\n\t\t\t\t\t\t\t<\/div>\n\t\t\n\t\t\n\t\t\n\t\t\n\t\t\n\t\t\n\t\t\n\t\t\n\t<\/div>\n\n\t\t\t\t\t<\/div>\n\t\t\t\t\t<\/div>\n\t\t<\/div>\n\t\t\t\t\t<\/div>\n\t\t<\/section>\n\t\t\t\t<div class=\"elementor-element elementor-element-4b00547d elementor-widget elementor-widget-spacer\" data-id=\"4b00547d\" data-element_type=\"widget\" data-e-type=\"widget\" data-widget_type=\"spacer.default\">\n\t\t\t\t\t\t\t<div class=\"elementor-spacer\">\n\t\t\t<div class=\"elementor-spacer-inner\"><\/div>\n\t\t<\/div>\n\t\t\t\t\t\t<\/div>\n\t\t\t\t<div class=\"elementor-element elementor-element-1d062bb6 elementor-align-center elementor-widget elementor-widget-button\" data-id=\"1d062bb6\" data-element_type=\"widget\" data-e-type=\"widget\" data-widget_type=\"button.default\">\n\t\t\t\t\t\t\t\t\t\t<a class=\"elementor-button elementor-button-link elementor-size-lg\" href=\"https:\/\/forms.gle\/7qbtJgNZKacVXXV26\" target=\"_blank\" rel=\"noopener\">\n\t\t\t\t\t\t<span class=\"elementor-button-content-wrapper\">\n\t\t\t\t\t\t\t\t\t<span class=\"elementor-button-text\">Chcem identifikova\u0165 svoj blok aj ja<\/span>\n\t\t\t\t\t<\/span>\n\t\t\t\t\t<\/a>\n\t\t\t\t\t\t\t\t<\/div>\n\t\t\t\t\t<\/div>\n\t\t<\/div>\n\t\t\t\t\t<\/div>\n\t\t<\/section>\n\t\t\t\t<section class=\"elementor-section elementor-top-section elementor-element elementor-element-upkzzql elementor-section-content-middle elementor-section-boxed elementor-section-height-default elementor-section-height-default\" data-id=\"upkzzql\" data-element_type=\"section\" data-e-type=\"section\" data-settings=\"{&quot;background_background&quot;:&quot;classic&quot;}\">\n\t\t\t\t\t\t\t<div class=\"elementor-background-overlay\"><\/div>\n\t\t\t\t\t\t\t<div class=\"elementor-container elementor-column-gap-extended\">\n\t\t\t\t\t<div class=\"elementor-column elementor-col-33 elementor-top-column elementor-element elementor-element-8a2eb3b\" data-id=\"8a2eb3b\" data-element_type=\"column\" data-e-type=\"column\">\n\t\t\t<div class=\"elementor-widget-wrap elementor-element-populated\">\n\t\t\t\t\t\t<div class=\"elementor-element elementor-element-26d52fa elementor-widget elementor-widget-image\" data-id=\"26d52fa\" data-element_type=\"widget\" data-e-type=\"widget\" data-widget_type=\"image.default\">\n\t\t\t\t\t\t\t\t\t\t\t\t\t\t\t<img decoding=\"async\" width=\"181\" height=\"130\" src=\"https:\/\/www.zsanettberec.sk\/rozhovory-madarsky-prakticky\/wp-content\/uploads\/2026\/01\/logo-zsb-2.png\" class=\"attachment-medium size-medium wp-image-1849\" alt=\"\" \/>\t\t\t\t\t\t\t\t\t\t\t\t\t\t\t<\/div>\n\t\t\t\t\t<\/div>\n\t\t<\/div>\n\t\t\t\t<div class=\"elementor-column elementor-col-33 elementor-top-column elementor-element elementor-element-771a94e\" data-id=\"771a94e\" data-element_type=\"column\" data-e-type=\"column\">\n\t\t\t<div class=\"elementor-widget-wrap elementor-element-populated\">\n\t\t\t\t\t\t<div class=\"elementor-element elementor-element-22631ac elementor-widget elementor-widget-heading\" data-id=\"22631ac\" data-element_type=\"widget\" data-e-type=\"widget\" data-widget_type=\"heading.default\">\n\t\t\t\t\t<h3 class=\"elementor-heading-title elementor-size-default\">D\u00f4le\u017eit\u00e9 inform\u00e1cie<\/h3>\t\t\t\t<\/div>\n\t\t\t\t<div class=\"elementor-element elementor-element-f6cc058 elementor-widget elementor-widget-wp-widget-nav_menu\" data-id=\"f6cc058\" data-element_type=\"widget\" data-e-type=\"widget\" data-widget_type=\"wp-widget-nav_menu.default\">\n\t\t\t\t<div class=\"elementor-widget-container\">\n\t\t\t\t\t<div class=\"menu-footer-sales-page-container\"><ul id=\"menu-footer-sales-page\" class=\"menu\"><li id=\"menu-item-1977\" class=\"menu-item menu-item-type-post_type menu-item-object-page menu-item-1977\"><a href=\"https:\/\/www.zsanettberec.sk\/rozhovory-madarsky-prakticky\/vseobecne-obchodne-podmienky\">V\u0161eobecn\u00e9 obchodn\u00e9 podmienky<\/a><\/li>\n<\/ul><\/div>\t\t\t\t<\/div>\n\t\t\t\t<\/div>\n\t\t\t\t\t<\/div>\n\t\t<\/div>\n\t\t\t\t<div class=\"elementor-column elementor-col-33 elementor-top-column elementor-element elementor-element-05c6905\" data-id=\"05c6905\" data-element_type=\"column\" data-e-type=\"column\">\n\t\t\t<div class=\"elementor-widget-wrap elementor-element-populated\">\n\t\t\t\t\t\t<div class=\"elementor-element elementor-element-6de380c elementor-widget elementor-widget-heading\" data-id=\"6de380c\" data-element_type=\"widget\" data-e-type=\"widget\" data-widget_type=\"heading.default\">\n\t\t\t\t\t<h3 class=\"elementor-heading-title elementor-size-default\">Kontakt<\/h3>\t\t\t\t<\/div>\n\t\t\t\t<div class=\"elementor-element elementor-element-1bb7f8e elementor-widget elementor-widget-text-editor\" data-id=\"1bb7f8e\" data-element_type=\"widget\" data-e-type=\"widget\" data-widget_type=\"text-editor.default\">\n\t\t\t\t\t\t\t\t\t<p>rozhovory@zsanettberec.sk<\/p>\t\t\t\t\t\t\t\t<\/div>\n\t\t\t\t\t<\/div>\n\t\t<\/div>\n\t\t\t\t\t<\/div>\n\t\t<\/section>\n\t\t\t\t<\/div>\n\t\t","protected":false},"excerpt":{"rendered":"<p>Urobte si tento kr\u00e1tky test a identifikujte svoj jazykov\u00fd blok s v\u00fdsledkom hne\u010f, aj ke\u010f ste doteraz nerozumeli skuto\u010dn\u00e9mu d\u00f4vodu v\u00e1\u0161ho tichaa klasick\u00e9 kurzy vo v\u00e1s zanechali len pocit frustr\u00e1cie Mo\u017eno ste z ma\u010farsky hovoriacej rodiny, mo\u017eno ste ho roky po\u010d\u00favaliu star\u00fdch rodi\u010dov alebo na ulici. M\u00e1te v sebe t\u00fa mel\u00f3diu, pozn\u00e1te tie slov\u00e1.Ale v [&hellip;]<\/p>\n","protected":false},"author":1,"featured_media":0,"parent":0,"menu_order":0,"comment_status":"closed","ping_status":"closed","template":"elementor_canvas","meta":{"zakra_page_container_layout":"customizer","zakra_page_sidebar_layout":"customizer","zakra_remove_content_margin":false,"zakra_sidebar":"customizer","zakra_transparent_header":"customizer","zakra_logo":0,"zakra_main_header_style":"default","zakra_menu_item_color":"","zakra_menu_item_hover_color":"","zakra_menu_item_active_color":"","zakra_menu_active_style":"","zakra_page_header":true,"footnotes":""},"class_list":["post-1171","page","type-page","status-publish","hentry"],"_links":{"self":[{"href":"https:\/\/www.zsanettberec.sk\/rozhovory-madarsky-prakticky\/wp-json\/wp\/v2\/pages\/1171","targetHints":{"allow":["GET"]}}],"collection":[{"href":"https:\/\/www.zsanettberec.sk\/rozhovory-madarsky-prakticky\/wp-json\/wp\/v2\/pages"}],"about":[{"href":"https:\/\/www.zsanettberec.sk\/rozhovory-madarsky-prakticky\/wp-json\/wp\/v2\/types\/page"}],"author":[{"embeddable":true,"href":"https:\/\/www.zsanettberec.sk\/rozhovory-madarsky-prakticky\/wp-json\/wp\/v2\/users\/1"}],"replies":[{"embeddable":true,"href":"https:\/\/www.zsanettberec.sk\/rozhovory-madarsky-prakticky\/wp-json\/wp\/v2\/comments?post=1171"}],"version-history":[{"count":256,"href":"https:\/\/www.zsanettberec.sk\/rozhovory-madarsky-prakticky\/wp-json\/wp\/v2\/pages\/1171\/revisions"}],"predecessor-version":[{"id":2238,"href":"https:\/\/www.zsanettberec.sk\/rozhovory-madarsky-prakticky\/wp-json\/wp\/v2\/pages\/1171\/revisions\/2238"}],"wp:attachment":[{"href":"https:\/\/www.zsanettberec.sk\/rozhovory-madarsky-prakticky\/wp-json\/wp\/v2\/media?parent=1171"}],"curies":[{"name":"wp","href":"https:\/\/api.w.org\/{rel}","templated":true}]}}